*d - 2. Calculate w(z).
-2
Let y(l) = -l**2 + 6*l - 5. Let h be 0 + 3/(-6)*-4. Suppose -h*s - 8 = -4*s. What is y(s)?
3
Let r(b) = -3*b + 3 - 2 + 2 + b**2 - b. Let c be r(4). Let o(g) = -g**3 + 3*g**2 - g - 2. Give o(c).
-5
Let i(t) = -t - 8. Let q be i(-8). Suppose 5*k - 10 - 5 = q. Let x(u) = -u - 2. Let z be x(k). Let n(m) = -m - 4. Calculate n(z).
1
Let j(w) be the third derivative of w**4/24 - 2*w**3/3 + 6*w**2. Give j(3).
-1
Let z(s) be the first derivative of 3*s**2/2 - 2. Let n(t) be the first derivative of t**4/4 + 8*t**3/3 + 3*t**2 - 5*t + 6. Let q be n(-7). What is z(q)?
6
Let b(u) = -u**2 - 5*u + 8. Let z = -34 - -28. What is b(z)?
2
Suppose 2*j + 4*g - 20 = 0, -3*g = -13 + 1. Let c(b) = 2*b**j + 17 - b + 4*b - 20 + b. Give c(2).
13
Let a(k) = k**3 - 12*k**2 + 12*k - 5. Let r be a(11). Suppose 0 = 3*u - 3 + r. Let c(y) = -y**2 + y. Determine c(u).
-2
Let v(t) = -7 + 3*t + 3 + 7. Give v(-3).
-6
Let t(v) = v**3 + 5*v**2 - 3*v + 4. Let z be t(-5). Let n = 17 - z. Let i(q) = 3*q**3 + 4*q**2 + 2*q. What is i(n)?
-12
Let b(j) = -3*j - 165 - j**2 + 167 + 2*j. Determine b(0).
2
Suppose 5*u = 4 - 14. Let v(a) = a**3 + 3*a**2 + a. What is v(u)?
2
Let t(l) = l**3 + 5*l**2 + 4*l + 5. Let j = 8 + -6. Suppose 4*s + 8 = -3*y, 4*y + 3*s + 15 = j*s. Give t(y).
5
Let f = 2 + 0. Suppose -3*b + 73 = -f*c, b + c = -0*b + 31. Let r be 6/b - 152/36. Let t(z) = -z**2 - 6*z. What is t(r)?
8
Let d(x) be the first derivative of -5*x**2 + 17. What is d(2)?
-20
Let c = 9 + -12. Let g(o) = -o**3 - 2*o**2 + 2*o - 3. What is g(c)?
0
Let g = -4 + 4. Suppose g = -7*t + 3*t - 8. Let x(a) = -3*a**2 - 4*a - 3. Let k(u) = -7*u**2 - 8*u - 7. Let v(j) = t*k(j) + 5*x(j). Determine v(-5).
-6
Suppose -4*y = 4*y. Let r(p) = -p**2 + p - 5. Calculate r(y).
-5
Let y(h) = 2*h + 5. Let i(g) = 5 + 6 + 0 + 5*g. Let r(z) = 3*i(z) - 7*y(z). Let t = 11 + -6. Determine r(t).
3
Let d(a) be the third derivative of -1/6*a**4 - a**2 + 0*a + 0 + 1/6*a**3. Let o = -26 - -24. Give d(o).
9
Let a = -3 + 2. Let r(w) be the first derivative of -w**3 - 3 + 0*w - 2 - w. Calculate r(a).
-4
Suppose c = -0*c, c = 5*u - 5. Let d(l) = 0 + 6*l**2 - l**3 - 3 + u - 5 - 2*l. Suppose -19 = -3*t - 2*y, 0*t - 1 = -t + 2*y. Determine d(t).
8
Let u(p) be the third derivative of -p**6/120 - p**5/10 - p**4/3 - p**3 - 4*p**2. Let z be 2 + -2 - (-1 - -6). Give u(z).
9
Let c(l) = -l**2 - 4*l + 3. Suppose b - 10 - 2 = 0. Let p be b/9*-3*1. Give c(p).
3
Let i(b) be the first derivative of b**2/2 + 8*b + 4. What is i(0)?
8
Let k(i) = i + 1. Let w(s) be the third derivative of s**6/120 + s**5/60 + s**4/24 + 5*s**3/6 + s**2. Let a be w(0). What is k(a)?
6
Let j = 12 - 7. Let n(l) = l**2 - 4. Let t(s) = -3*s**2 + s + 11. Let g(a) = 17*n(a) + 6*t(a). Let m(q) be the first derivative of g(q). Calculate m(j).
-4
Let g(h) = 1. Let v(l) be the second derivative of l**3/6 + 3*l. Let c(n) = g(n) - v(n). Give c(-5).
6
Let v(w) = -w**3 + 15*w**2 - w + 19. Let f be v(15). Suppose -f = -n - n. Let h(c) = -2*c**2. Determine h(n).
-8
Let c(p) be the second derivative of -p**4/12 - 2*p**3/3 + 2*p**2 - p. Let l = 72 + -78. Calculate c(l).
-8
Let u(m) = -m - 5. Let p = -12 - -7. Let o be u(p). Let g(l) = -l**2 + 5. What is g(o)?
5
Let j(d) = -7 - 2*d + 2*d - d. Let v be j(-8). Let q(x) = 1 - 5 + 2*x - 4*x - v. Give q(-4).
3
Let h(w) = -6*w**3 + w**2 + 5*w - 17. Let x(t) = 2*t**3 - 2*t + 6. Let z(r) = -4*h(r) - 11*x(r). Calculate z(2).
6
Let i(m) = -m**3 + 2*m. Suppose w - 9 = -3*o, -5 = 4*o + 5*w - 6. Suppose 0 = -5*b + 15, o*z - 8 = -5*b - 1. Calculate i(z).
4
Let w(v) = -v**3 + 7*v**2 - 4*v - 6. Let f be -2 - (-12 + (-4 - 2*-4)). Determine w(f).
6
Suppose 0 = -g + 3 + 1. Suppose g*d = -0*d + 16. Let f(k) = d + 2*k - 3*k - k**2 - 1. Determine f(0).
3
Let u(k) = -k**2. Let h(n) be the third derivative of n**5/30 + 5*n**4/24 + 2*n**3/3 - 5*n**2. Let q(b) = -h(b) - u(b). Give q(-4).
0
Let n(g) = g**2 + 4*g - 6. Let s(l) be the first derivative of -l**3/3 - 2*l**2 - 6*l - 4. Let c be s(-4). What is n(c)?
6
Let z(t) be the third derivative of -t**6/120 - t**5/12 - t**4/8 - t**3/3 - t**2. Suppose -10*r = -2*r + 32. Calculate z(r).
-6
Let w be (-2)/3 - (-23)/3. Suppose -3 = -5*d + w. Let i = d + -3. Let n(j) = -10*j - 1. Determine n(i).
9
Let m(b) = -b**3 - 3*b**2 - 2*b + 1. Let j(h) = -16*h. Let o(n) = -11*n. Let g(i) = -5*j(i) + 7*o(i). Suppose 0 = 3*x + x + 4. Let w be g(x). Give m(w).
7
Let g(a) be the third derivative of a**5/60 - a**4/3 + 5*a**3/6 - 8*a**2. Give g(6).
-7
Let z(r) be the third derivative of -r**4/12 - r**3/3 - 7*r**2. Calculate z(-4).
6
Let r(s) = -2*s - 7. Suppose -2*p + 3 = 7. Let f(o) = o**2 + 2*o + 3. Let u be f(p). Suppose -2*j + u*j = -5. Give r(j).
3
Let q(y) be the second derivative of y**4/12 + y**3 - 2*y**2 + 8*y. Determine q(-6).
-4
Let d(a) = 4*a**2 + 7*a - 4. Let j(f) = 6*f**2 + 11*f - 6. Let k(w) = -8*d(w) + 5*j(w). Let r(c) = c**2 + c - 1. Let y(s) = -3*k(s) - 7*r(s). Calculate y(-5).
-4
Let n(r) = r**2 + 3*r - 3. Suppose -a - 5 = -s + a, -4*s - 4*a = -20. Let z be ((-3)/s)/(4/20). Calculate n(z).
-3
Suppose 5*x + 20 = 0, -2*x - 26 = -5*b + 2*x. Let i(g) be the third derivative of g**5/60 + g**4/8 - g**3/3 - 2*g**2. What is i(b)?
8
Let r(q) = q**3 + 3*q**2 - 4*q - 3. Let z be r(-4). Let k = z - -4. Let v(x) = 3 - x**2 + x + 3 - k. Give v(0).
5
Let c(j) = j**3 + 5*j**2 - 6*j + 1. Let f = -16 + 20. Suppose 2*t + 3*n = 2*n - 16, f = -n. Give c(t).
1
Let w be -1*1*1*3. Suppose 2*v + 16 = 5*x - 2*v, 3*x - 3*v = 12. Let z = x - w. Let p(g) = g**3 - 4*g**2 + 3*g - 4. Give p(z).
-4
Let c(u) be the first derivative of -2*u**2 + 4*u + 7. Calculate c(3).
-8
Let l = 6 + -4. Let o(q) = 3*q - 2 + 2 + q**l + 1. Suppose 4*s + 3 = s. What is o(s)?
-1
Let z(v) = -v**2 - v. Suppose 2 = -5*d - 0*o - o, -o + 4 = -d. Let w(g) = 3*g**2 - 4*g + 4. Let l(s) = d*w(s) - 2*z(s). Determine l(4).
4
Let d be (4 - 0) + 6/3. Let a(t) = 2*t + 3. Give a(d).
15
Let g(w) = w + 10. Suppose -4*q + 4*d = 6 + 38, -20 = 4*q + 4*d. Let l be g(q). Let f(z) = z**l + 2*z - 2*z - 1. Give f(0).
-1
Let x(m) be the third derivative of -m**4/12 + 2*m**3/3 - 11*m**2. Let k(g) = g + 6. Let s be k(-3). Determine x(s).
-2
Let h(d) = -d + 13. Let z = 23 + -15. Let m be h(z). Suppose o + 12 = -0*o - 3*q, 0 = -m*q - 25. Let u(g) = -g**2 + 2*g - 2. Determine u(o).
-5
Let n(w) = -w + 8. Let p(x) = -x**2 + 9*x - 4. Let h be p(8). Let g be n(h). Let m(k) = 3 + k**3 - 3 - g*k**2 + 3 - 2*k. What is m(4)?
-5
Let p(x) = -x**3 - 5 - x**3 + 4*x - 1 + 3*x**3 + 6*x**2. Suppose 4 = r + 19. Let z be (-1)/(42/r + 3). Calculate p(z).
-1
Let f(o) = -o + 4. Let n(s) = -32 + 3*s + 16 - 2*s + 11. Let d be n(9). What is f(d)?
0
Let z(x) = -x + 3. Suppose 12 = 3*h, 5*l - 4*h - 4 = -0. Give z(l).
-1
Suppose 0*k = -k - 5. Suppose 0 = 3*l + 2*l - 5. Let z(m) = -m - 1. Let p(v) = -2*v - 3. Let j(f) = k*z(f) + l*p(f). Calculate j(-3).
-7
Suppose 0 = -4*t + 11 + 29. Let x be (t/(-4))/((-5)/10). Let v(z) = z**2 - 5*z + 3. Determine v(x).
3
Let g(b) = -2 - 2*b - 5*b**2 - 1 - 4*b**2 + 8*b**2. Determine g(-3).
-6
Suppose -5*t + 12 = z, -3*t + 0*z = -z - 12. Suppose -9 = -t*i - 0. Let m(l) = -5*l**2 - l**3 + 3*l**2 - i - l - 3*l**2. Give m(-5).
2
Let y(n) = -n**2 + 1. Let b(m) = 2*m**2 - 7*m - 5. Let r(o) = b(o) + 3*y(o). Give r(-6).
4
Suppose 0 = -2*i + 4*i + 12. Let u = -2 - i. Let l(p) = -p**3 + 5*p**2 - 6*p + 1. Calculate l(u).
-7
Let j(u) = -u**3 - 3*u**2 + u. Let g = 9 - 6. Suppose -7*r = -g*r + 32. Let y be r/24*(1 + 8). Calculate j(y).
-3
Let d(m) = m**2 - 3*m - 3. Let v be 40/5*((-27)/6)/(-9). Calculate d(v).
1
Let r(q) = -q**2 - 11*q + 17. Let n be r(-12). Let v(s) = n + 8 - 2*s - 11. Determine v(-2).
6
Let s(n) = n**3 + 2*n**2 + 3*n + 1. Suppose 5 = 3*j - j + 3*o, -3*j - 4*o = -6. Give s(j).
-5
Let p(u) = u + 9. Let d(k) = k + 1. Let n(l) = 2*d(l) - p(l). Determine n(7).
0
Let a(r) be the first derivative of -2*r - 1/4*r**4 - 1 - r**2 + 2*r**3. Give a(2).
10
Let l(m) = -4*m**3 + 14*m**2 + 9*m + 1. Let d(f) = -f**3 + f**2 - 1. Let u(p) = -5*d(p) + l(p). Give u(-8).
-2
Let k(a) = a. Let s(m) = 6*m + 3. Let u(f) = 10*k(f) - 2*s(f). Suppose 4*n - 63 = 21. Suppose -p + 4*g - n = 0, 4*p - p + 3*g = -3. Give u(p).
4
Suppose 2*j - 5*t + 26 = 0, -1 + 12 = -5*j - t. Let k = 5 + j. Let v(b) =